{"id":8860,"date":"2023-04-12T02:13:06","date_gmt":"2023-04-12T02:13:06","guid":{"rendered":"https:\/\/tellus.geociencias.unam.mx\/?page_id=8860"},"modified":"2024-06-25T19:52:51","modified_gmt":"2024-06-25T19:52:51","slug":"boletines_informativos","status":"publish","type":"page","link":"https:\/\/tellus.geociencias.unam.mx\/index.php\/boletines_informativos\/","title":{"rendered":"Boletines Informativos"},"content":{"rendered":"<p>[vc_row css_animation=&#8221;&#8221; row_type=&#8221;row&#8221; use_row_as_full_screen_section=&#8221;no&#8221; type=&#8221;full_width&#8221; angled_section=&#8221;no&#8221; text_align=&#8221;left&#8221; background_image_as_pattern=&#8221;without_pattern&#8221; css=&#8221;.vc_custom_1568087717452{margin-top: -70px !important;border-top-width: -70px !important;padding-top: -70px !important;}&#8221; z_index=&#8221;&#8221;][vc_column][vc_single_image image=&#8221;4598&#8243; img_size=&#8221;full&#8221; qode_css_animation=&#8221;&#8221;][vc_empty_space][\/vc_column][\/vc_row][vc_row css_animation=&#8221;&#8221; row_type=&#8221;row&#8221; use_row_as_full_screen_section=&#8221;no&#8221; type=&#8221;grid&#8221; angled_section=&#8221;no&#8221; text_align=&#8221;left&#8221; background_image_as_pattern=&#8221;without_pattern&#8221; css=&#8221;.vc_custom_1552155170420{margin-top: 0px !important;margin-bottom: 0px !important;border-top-width: 0px !important;border-bottom-width: 0px !important;padding-top: 0px !important;padding-bottom: 0px !important;}&#8221; z_index=&#8221;&#8221;][vc_column width=&#8221;1\/4&#8243;][\/vc_column][vc_column width=&#8221;3\/4&#8243;][vc_column_text css=&#8221;.vc_custom_1681268677552{margin-top: 0px !important;margin-bottom: 0px !important;border-top-width: 0px !important;border-bottom-width: 0px !important;padding-top: 0px !important;padding-bottom: 0px !important;}&#8221;]<\/p>\n<h6 style=\"text-align: center;\"><a href=\"https:\/\/tellus.geociencias.unam.mx\/\" target=\"_blank\" rel=\"noopener\">Inicio<\/a> &gt;<a href=\"https:\/\/tellus.geociencias.unam.mx\/index.php\/unidad-de-vinculacion\/\" target=\"_blank\" rel=\"noopener\"> Unidad de vinculaci\u00f3n<\/a> &gt; Boletines Informativos<\/h6>\n<p>[\/vc_column_text][\/vc_column][\/vc_row][vc_row css_animation=&#8221;&#8221; row_type=&#8221;row&#8221; use_row_as_full_screen_section=&#8221;no&#8221; type=&#8221;grid&#8221; anchor=&#8221;areas&#8221; angled_section=&#8221;no&#8221; text_align=&#8221;left&#8221; background_image_as_pattern=&#8221;without_pattern&#8221; background_color=&#8221;#ffffff&#8221; z_index=&#8221;&#8221; css=&#8221;.vc_custom_1552093298281{padding-top: 32px !important;padding-bottom: 32px !important;}&#8221; el_id=&#8221;areas&#8221;][vc_column offset=&#8221;vc_col-lg-3 vc_col-md-6&#8243;][vc_column_text]<\/p>\n<h1>Unidad de Vinculaci\u00f3n<\/h1>\n<p>[\/vc_column_text][vc_column_text]<\/p>\n<div class=\"wpb_text_column wpb_content_element \">\n<div class=\"wpb_wrapper\">\n<h3><\/h3>\n<\/div>\n<\/div>\n<p>[\/vc_column_text][vc_empty_space height=&#8221;10px&#8221;][\/vc_column][vc_column width=&#8221;2\/3&#8243;][vc_column_text]<\/p>\n<h2><strong>Boletines Informativos<\/strong><\/h2>\n<p>[\/vc_column_text][vc_empty_space][vc_accordion active_tab=&#8221;False&#8221; style=&#8221;accordion&#8221; title=&#8221;2023&#8243;][vc_accordion_tab title=&#8221;2024&#8243; title_color=&#8221;#1e73be&#8221; title_tag=&#8221;h2&#8243;][vc_column_text]<\/p>\n<div>\n<div>\n<p><strong><a href=\"https:\/\/tellus.geociencias.unam.mx\/wp-content\/uploads\/2024\/06\/Coordinador-del-Posgrado-en-Ciencias-de-la-Tierra-de-la-UNAM-visita-el-IGc-para-atender-las-inquietudes-de-la-comunidad-academica.pdf\" target=\"_blank\" rel=\"noopener\"><span style=\"text-decoration: underline;\"><b><span lang=\"ES-MX\">Coordinador del Posgrado en Ciencias de la Tierra de la UNAM visita el IGc para atender las inquietudes de la comunidad acad\u00e9mica<\/span><\/b><\/span><\/a>\u2013 17 de junio 2024<\/strong><\/p>\n<\/div>\n<\/div>\n<p>&nbsp;<\/p>\n<p><strong><a href=\"https:\/\/tellus.geociencias.unam.mx\/wp-content\/uploads\/2024\/05\/Estudiantes-del-IGC-UNAM-reconocidos-como-los-mejores-tesistas-de-doctorado-en-el-Premio-BAL-UNAM-2023-23-de-mayo-de-2024.pdf\" rel=\"noopener\"><span style=\"text-decoration: underline;\"><b><span lang=\"ES-MX\">Estudiantes del IGC UNAM reconocidos como los mejores tesistas de doctorado en el Premio BAL-UNAM 2023<\/span><\/b><\/span><\/a><\/strong><strong>\u2013 23 de mayo 2024<\/strong><\/p>\n<p>&nbsp;<\/p>\n<p><strong><a href=\"https:\/\/tellus.geociencias.unam.mx\/wp-content\/uploads\/2024\/03\/La-incidencia-antropogenica-incrementa-el-riesgo-de-sequia-14-de-marzo-de-2024.pdf\" rel=\"noopener\"><span style=\"text-decoration: underline;\"><b><span lang=\"ES-MX\">La incidencia antropogenica incrementa el riesgo se sequia<\/span><\/b><\/span><\/a><\/strong><strong>-14 de marzo 2024<\/strong><\/p>\n<div>\n<p>&nbsp;<\/p>\n<\/div>\n<p>[\/vc_column_text][\/vc_accordion_tab][vc_accordion_tab title=&#8221;2023&#8243; title_color=&#8221;#1e73be&#8221; title_tag=&#8221;h2&#8243;][vc_column_text]<\/p>\n<div><\/div>\n<div>\n<p><strong><b><span lang=\"ES-MX\"><a href=\"https:\/\/tellus.geociencias.unam.mx\/wp-content\/uploads\/2023\/11\/Dr.-Luca-Ferrari-recibe-la-insignia-de-Ufficiale-de-la-Orden-della-Stella-dItalia.pdf\" target=\"_blank\" rel=\"noopener\"><span style=\"text-decoration: underline;\">Dr. Luca Ferrari recibe la insignia de Ufficiale de la Orden \u201cdella Stella d\u2019Italia\u201d <\/span><\/a><\/span><\/b>\u2013 18 de noviembre 2023<\/strong><\/p>\n<p>&nbsp;<\/p>\n<p><b><span lang=\"ES-MX\"><a href=\"https:\/\/tellus.geociencias.unam.mx\/wp-content\/uploads\/2023\/07\/Inicia-colaboracion-entre-el-CGEO-UNAM-y-la-Comision-de-Educacion-en-Geociencias-de-la-IUGS-28-de-julio-de-2023.pdf\" rel=\"noopener\"><span style=\"text-decoration: underline;\">Inicia colaboraci\u00f3n entre el CGEO UNAM y la Comisi\u00f3n de Educaci\u00f3n en Geociencias de la IUGS<\/span><\/a><\/span><\/b><strong>\u2013 28 de julio 2023<\/strong><\/p>\n<p>&nbsp;<\/p>\n<p class=\"m_-7200627838636540112Default\"><span style=\"text-decoration: underline;\"><b><span lang=\"ES-MX\"><a href=\"https:\/\/tellus.geociencias.unam.mx\/wp-content\/uploads\/2023\/06\/Comienzan-actividades-del-Taller-de-Ciencia-para-Jovenes-2023-28-de-junio-de-2023.pdf\" target=\"_blank\" rel=\"noopener\">Comienzan actividades del Taller de Ciencia para J\u00f3venes 2023 <\/a><\/span><\/b><\/span><strong>\u2013 28 de junio 2023<\/strong><\/p>\n<p>&nbsp;<\/p>\n<\/div>\n<div><\/div>\n<div class=\"gmail_default\"><a href=\"https:\/\/tellus.geociencias.unam.mx\/wp-content\/uploads\/2023\/06\/Inician-Jornadas-Academicas-en-el-CGEO-21-de-junio-de-2023.pdf\" target=\"_blank\" rel=\"noopener\"><b><span style=\"text-decoration: underline;\">Inician Jornadas Acad\u00e9micas en el CGEO<\/span><\/b><\/a><strong> \u2013 21 de junio de 2023<\/strong><\/div>\n<p>&nbsp;<\/p>\n<p>&nbsp;<\/p>\n<p><strong><a href=\"https:\/\/tellus.geociencias.unam.mx\/wp-content\/uploads\/2023\/06\/Red-Sismologica-del-Estado-de-Queretaro-presenta-informe-de-sismicidad-en-el-estado-15-de-junio-de-2023.pdf\" target=\"_blank\" rel=\"noopener\"><b><span lang=\"ES-MX\"><span style=\"text-decoration: underline;\">Red Sismol\u00f3gica del Estado de Quer\u00e9taro presenta informe de sismicidad en el estado<\/span><\/span><\/b><\/a> \u2013 16 de junio de 2023<\/strong><\/p>\n<p>&nbsp;<\/p>\n<p>&nbsp;<\/p>\n<p><strong><span style=\"text-decoration: underline;\"><a href=\"https:\/\/tellus.geociencias.unam.mx\/wp-content\/uploads\/2023\/05\/El-Centro-de-Geociencias-presente-en-el-TierraFest-2023-4-de-mayo-de-2023.pdf\" rel=\"noopener\"><b><span lang=\"ES-MX\">El Centro de Geociencias presente en el\u00a0<i>TierraFest 2023<\/i><\/span><\/b><\/a><\/span> \u2013 4 de mayo de 2023<\/strong><\/p>\n<p>&nbsp;<\/p>\n<p style=\"font-weight: 400;\"><strong><span style=\"text-decoration: underline;\"><a href=\"https:\/\/tellus.geociencias.unam.mx\/wp-content\/uploads\/2023\/04\/El-Centro-de-Geociencias-UNAM-inaugura-la-Semana-de-la-Tierra-2023-25-de-abril-de-2023.pdf\" target=\"_blank\" rel=\"noopener\"><b><span lang=\"ES-MX\">El Centro de Geociencias UNAM inaugura la\u00a0<i>Semana de la Tierra 2023<\/i><\/span><\/b><\/a><\/span> \u2013 25 de abril de 2023<\/strong><\/p>\n<p>&nbsp;<\/p>\n<p style=\"font-weight: 400;\"><strong><span style=\"text-decoration: underline;\"><a href=\"https:\/\/tellus.geociencias.unam.mx\/wp-content\/uploads\/2023\/04\/Inicia-XII-Congreso-Nacional-de-Estudiantes-de-Ciencias-de-la-Tierra-en-el-Centro-de-Geociencias-UNAM-17-de-abril-de-2023.pdf\" rel=\"noopener\"><b><span lang=\"ES-MX\">Inicia XII Congreso Nacional de Estudiantes de Ciencias de la Tierra en el Centro de Geociencias UNAM<\/span><\/b><\/a><\/span> \u2013 17 de abril de 2023<\/strong><\/p>\n<p>&nbsp;<\/p>\n<p style=\"font-weight: 400;\"><a href=\"https:\/\/tellus.geociencias.unam.mx\/wp-content\/uploads\/2023\/11\/Dr.-Luca-Ferrari-recibe-la-insignia-de-Cavaliere-de-la-Orden-della-Stella-dItalia.pdf\"><strong>Investigadora del Centro de Geociencias UNAM participa en publicaci\u00f3n sobre regulaci\u00f3n h\u00eddrica en Quer\u00e9taro<\/strong><\/a><strong> \u2013 12 de abril de 2023<\/strong><\/p>\n<p>&nbsp;<\/p>\n<p style=\"font-weight: 400;\"><strong><span style=\"text-decoration: underline;\"><a href=\"https:\/\/tellus.geociencias.unam.mx\/wp-content\/uploads\/2023\/04\/Proyecto-participe-del-Centro-de-Geociencias-recibira-nueva-financiacion-por-la-Unesco-10-de-abril-de-2023.pdf\" target=\"_blank\" rel=\"noopener\">Proyecto part\u00edcipe del Centro de Geociencias recibir\u00e1 nueva financiaci\u00f3n por la UNESCO<\/a><\/span> \u2013 10 de abril de 2023<\/strong><\/p>\n<p>[\/vc_column_text][\/vc_accordion_tab][\/vc_accordion][\/vc_column][\/vc_row]<\/p>\n","protected":false},"excerpt":{"rendered":"<p>[vc_row css_animation=&#8221;&#8221; row_type=&#8221;row&#8221; use_row_as_full_screen_section=&#8221;no&#8221; type=&#8221;full_width&#8221; angled_section=&#8221;no&#8221; text_align=&#8221;left&#8221; background_image_as_pattern=&#8221;without_pattern&#8221; css=&#8221;.vc_custom_1568087717452{margin-top: -70px !important;border-top-width: -70px !important;padding-top: -70px !important;}&#8221; z_index=&#8221;&#8221;][vc_column][vc_single_image image=&#8221;4598&#8243; img_size=&#8221;full&#8221; qode_css_animation=&#8221;&#8221;][vc_empty_space][\/vc_column][\/vc_row][vc_row css_animation=&#8221;&#8221; row_type=&#8221;row&#8221; use_row_as_full_screen_section=&#8221;no&#8221; type=&#8221;grid&#8221; angled_section=&#8221;no&#8221; text_align=&#8221;left&#8221; background_image_as_pattern=&#8221;without_pattern&#8221; css=&#8221;.vc_custom_1552155170420{margin-top: 0px !important;margin-bottom: 0px !important;border-top-width: 0px !important;border-bottom-width: 0px !important;padding-top: 0px !important;padding-bottom: 0px !important;}&#8221; z_index=&#8221;&#8221;][vc_column width=&#8221;1\/4&#8243;][\/vc_column][vc_column width=&#8221;3\/4&#8243;][vc_column_text css=&#8221;.vc_custom_1681268677552{margin-top: 0px !important;margin-bottom:&#8230;<\/p>\n","protected":false},"author":2,"featured_media":0,"parent":0,"menu_order":0,"comment_status":"closed","ping_status":"closed","template":"full_width.php","meta":{"footnotes":""},"class_list":["post-8860","page","type-page","status-publish","hentry"],"_links":{"self":[{"href":"https:\/\/tellus.geociencias.unam.mx\/index.php\/wp-json\/wp\/v2\/pages\/8860","targetHints":{"allow":["GET"]}}],"collection":[{"href":"https:\/\/tellus.geociencias.unam.mx\/index.php\/wp-json\/wp\/v2\/pages"}],"about":[{"href":"https:\/\/tellus.geociencias.unam.mx\/index.php\/wp-json\/wp\/v2\/types\/page"}],"author":[{"embeddable":true,"href":"https:\/\/tellus.geociencias.unam.mx\/index.php\/wp-json\/wp\/v2\/users\/2"}],"replies":[{"embeddable":true,"href":"https:\/\/tellus.geociencias.unam.mx\/index.php\/wp-json\/wp\/v2\/comments?post=8860"}],"version-history":[{"count":35,"href":"https:\/\/tellus.geociencias.unam.mx\/index.php\/wp-json\/wp\/v2\/pages\/8860\/revisions"}],"predecessor-version":[{"id":10808,"href":"https:\/\/tellus.geociencias.unam.mx\/index.php\/wp-json\/wp\/v2\/pages\/8860\/revisions\/10808"}],"wp:attachment":[{"href":"https:\/\/tellus.geociencias.unam.mx\/index.php\/wp-json\/wp\/v2\/media?parent=8860"}],"curies":[{"name":"wp","href":"https:\/\/api.w.org\/{rel}","templated":true}]}}