{"id":7223,"date":"2019-03-20T23:50:32","date_gmt":"2019-03-20T23:50:32","guid":{"rendered":"https:\/\/tellus.geociencias.unam.mx\/index.php\/publicaciones-2\/"},"modified":"2026-03-19T16:53:06","modified_gmt":"2026-03-19T16:53:06","slug":"visitas-guiadas","status":"publish","type":"page","link":"https:\/\/tellus.geociencias.unam.mx\/index.php\/visitas-guiadas\/","title":{"rendered":"Visitas Guiadas"},"content":{"rendered":"<p>[vc_row css_animation=&#8221;&#8221; row_type=&#8221;row&#8221; use_row_as_full_screen_section=&#8221;no&#8221; type=&#8221;full_width&#8221; angled_section=&#8221;no&#8221; text_align=&#8221;left&#8221; background_image_as_pattern=&#8221;without_pattern&#8221; z_index=&#8221;&#8221; css=&#8221;.vc_custom_1580701991642{margin-top: -70px !important;border-top-width: -70px !important;padding-top: -70px !important;}&#8221;][vc_column][vc_empty_space height=&#8221;48px&#8221;][vc_empty_space height=&#8221;48px&#8221;][vc_empty_space height=&#8221;48px&#8221;][vc_column_text]<\/p>\n<h1 style=\"text-align: center;\">\u00a0PROGRAMA DE VISITAS GUIADAS<\/h1>\n<p>[\/vc_column_text][vc_column_text css=&#8221;.vc_custom_1711996375841{margin-right: 5px !important;margin-left: 5px !important;}&#8221;]<\/p>\n<p style=\"text-align: center;\"><strong><span id=\"E134\" class=\"qowt-font2-Comfortaa\">Es un programa <\/span><em><span id=\"E135\" class=\"qowt-font2-Comfortaa\">mensual<\/span><\/em><span id=\"E136\" class=\"qowt-font2-Comfortaa\"> en el que estudiantes de educaci\u00f3n media superior y superior pueden visitar los laboratorios y talleres del Instituto de Geociencias donde, conocer\u00e1n las t\u00e9cnicas y\/o estrategias de an\u00e1lisis empleadas para realizar investigaciones geocient\u00edficas directamente de los investigadores y acad\u00e9micos involucrados. <\/span><\/strong><\/p>\n<p>[\/vc_column_text][vc_empty_space height=&#8221;48px&#8221;][vc_row_inner row_type=&#8221;row&#8221; type=&#8221;full_width&#8221; text_align=&#8221;left&#8221; css_animation=&#8221;&#8221;][vc_column_inner width=&#8221;1\/6&#8243;][\/vc_column_inner][vc_column_inner width=&#8221;2\/3&#8243;]\n\t\t\t<!-- START visitas guiadas REVOLUTION SLIDER 6.0.9 --><p class=\"rs-p-wp-fix\"><\/p>\n\t\t\t<rs-module-wrap id=\"rev_slider_119_1_wrapper\" data-source=\"gallery\" style=\"background:#ffffff;padding:0;margin:0px auto;margin-top:0;margin-bottom:0;max-width:\">\n\t\t\t\t<rs-module id=\"rev_slider_119_1\" style=\"display:none;\" data-version=\"6.0.9\">\n\t\t\t\t\t<rs-slides>\n\t\t\t\t\t\t<rs-slide data-key=\"rs-495\" data-title=\"A STUDY ON HAPPINESS\" data-description=\"Science says that Women are generally happier\" data-thumb=\"\/\/tellus.geociencias.unam.mx\/wp-content\/uploads\/2021\/10\/FotoCGeo-100x50.jpg\" data-anim=\"ei:d;eo:d;s:980;r:0;t:parallaxvertical;sl:d;\" data-firstanim=\"t:fade;s:1500;sl:7;\">\n\t\t\t\t\t\t\t<img loading=\"lazy\" decoding=\"async\" src=\"\/\/tellus.geociencias.unam.mx\/wp-content\/uploads\/2021\/10\/FotoCGeo.jpg\" title=\"FotoCGeo\" width=\"800\" height=\"600\" data-parallax=\"10\" class=\"rev-slidebg\" data-no-retina>\n<!---->\t\t\t\t\t\t<\/rs-slide>\n\t\t\t\t\t\t<rs-slide data-key=\"rs-494\" data-title=\"A STUDY ON HAPPINESS\" data-description=\"Science says that Women are generally happier\" data-thumb=\"\/\/tellus.geociencias.unam.mx\/wp-content\/uploads\/2022\/01\/PVG1_IMG_7050-1-scaled-100x50.jpg\" data-anim=\"ei:d;eo:d;s:d;r:0;t:parallaxvertical;sl:d;\">\n\t\t\t\t\t\t\t<img loading=\"lazy\" decoding=\"async\" src=\"\/\/tellus.geociencias.unam.mx\/wp-content\/uploads\/2022\/01\/PVG1_IMG_7050-1-scaled.jpg\" title=\"PVG1_IMG_7050\" width=\"2560\" height=\"1920\" data-parallax=\"10\" class=\"rev-slidebg\" data-no-retina>\n<!---->\t\t\t\t\t\t<\/rs-slide>\n\t\t\t\t\t\t<rs-slide data-key=\"rs-493\" data-title=\"A STUDY ON HAPPINESS\" data-description=\"Science says that Women are generally happier\" data-thumb=\"\/\/tellus.geociencias.unam.mx\/wp-content\/uploads\/2022\/01\/PVG2_IMG_7045-scaled-100x50.jpg\" data-anim=\"ei:d;eo:d;s:d;r:0;t:parallaxvertical;sl:d;\">\n\t\t\t\t\t\t\t<img loading=\"lazy\" decoding=\"async\" src=\"\/\/tellus.geociencias.unam.mx\/wp-content\/uploads\/2022\/01\/PVG2_IMG_7045-scaled.jpg\" title=\"PVG2_IMG_7045\" width=\"1920\" height=\"2560\" data-parallax=\"10\" class=\"rev-slidebg\" data-no-retina>\n<!---->\t\t\t\t\t\t<\/rs-slide>\n\t\t\t\t\t\t<rs-slide data-key=\"rs-496\" data-title=\"A STUDY ON HAPPINESS\" data-description=\"Science says that Women are generally happier\" data-thumb=\"\/\/tellus.geociencias.unam.mx\/wp-content\/uploads\/2022\/01\/PVG3_IMG_7058-scaled-100x50.jpg\" data-anim=\"ei:d;eo:d;s:d;r:0;t:parallaxvertical;sl:d;\">\n\t\t\t\t\t\t\t<img loading=\"lazy\" decoding=\"async\" src=\"\/\/tellus.geociencias.unam.mx\/wp-content\/uploads\/2022\/01\/PVG3_IMG_7058-scaled.jpg\" title=\"PVG3_IMG_7058\" width=\"2560\" height=\"1920\" data-parallax=\"10\" class=\"rev-slidebg\" data-no-retina>\n<!---->\t\t\t\t\t\t<\/rs-slide>\n\t\t\t\t\t\t<rs-slide data-key=\"rs-497\" data-title=\"A STUDY ON HAPPINESS\" data-description=\"Science says that Women are generally happier\" data-thumb=\"\/\/tellus.geociencias.unam.mx\/wp-content\/uploads\/2022\/01\/PVG4_IMG_20170420_102425056_HDR-scaled-100x50.jpg\" data-anim=\"ei:d;eo:d;s:d;r:0;t:parallaxvertical;sl:d;\">\n\t\t\t\t\t\t\t<img loading=\"lazy\" decoding=\"async\" src=\"\/\/tellus.geociencias.unam.mx\/wp-content\/uploads\/2022\/01\/PVG4_IMG_20170420_102425056_HDR-scaled.jpg\" title=\"PVG4_IMG_20170420_102425056_HDR\" width=\"2560\" height=\"1920\" data-parallax=\"10\" class=\"rev-slidebg\" data-no-retina>\n<!---->\t\t\t\t\t\t<\/rs-slide>\n\t\t\t\t\t\t<rs-slide data-key=\"rs-491\" data-title=\"A STUDY ON HAPPINESS\" data-description=\"Science says that Women are generally happier\" data-thumb=\"\/\/tellus.geociencias.unam.mx\/wp-content\/uploads\/2022\/01\/PVG6_IMG_0456-scaled-100x50.jpg\" data-anim=\"ei:d;eo:d;s:d;r:0;t:parallaxvertical;sl:d;\">\n\t\t\t\t\t\t\t<img loading=\"lazy\" decoding=\"async\" src=\"\/\/tellus.geociencias.unam.mx\/wp-content\/uploads\/2022\/01\/PVG6_IMG_0456-scaled.jpg\" title=\"PVG6_IMG_0456\" width=\"2560\" height=\"1912\" data-parallax=\"10\" class=\"rev-slidebg\" data-no-retina>\n<!---->\t\t\t\t\t\t<\/rs-slide>\n\t\t\t\t\t\t<rs-slide data-key=\"rs-492\" data-title=\"A STUDY ON HAPPINESS\" data-description=\"Science says that Women are generally happier\" data-thumb=\"\/\/tellus.geociencias.unam.mx\/wp-content\/uploads\/2022\/01\/PVG9_Lab-Geocronologia-de-Ar-100x50.jpg\" data-anim=\"ei:d;eo:d;s:d;r:0;t:parallaxvertical;sl:d;\">\n\t\t\t\t\t\t\t<img loading=\"lazy\" decoding=\"async\" src=\"\/\/tellus.geociencias.unam.mx\/wp-content\/uploads\/2022\/01\/PVG9_Lab-Geocronologia-de-Ar.jpg\" title=\"PVG9_Lab Geocronolog\u00eda de Ar\" width=\"1600\" height=\"1200\" data-parallax=\"10\" class=\"rev-slidebg\" data-no-retina>\n<!---->\t\t\t\t\t\t<\/rs-slide>\n\t\t\t\t\t\t<rs-slide data-key=\"rs-489\" data-title=\"A STUDY ON HAPPINESS\" data-description=\"Science says that Women are generally happier\" data-thumb=\"\/\/tellus.geociencias.unam.mx\/wp-content\/uploads\/2022\/01\/PVG10_Creando-Metodo-scaled-100x50.jpg\" data-anim=\"ei:d;eo:d;s:d;r:0;t:parallaxvertical;sl:d;\">\n\t\t\t\t\t\t\t<img loading=\"lazy\" decoding=\"async\" src=\"\/\/tellus.geociencias.unam.mx\/wp-content\/uploads\/2022\/01\/PVG10_Creando-Metodo-scaled.jpg\" title=\"PVG10_Creando-Metodo\" width=\"2560\" height=\"1920\" data-parallax=\"10\" class=\"rev-slidebg\" data-no-retina>\n<!---->\t\t\t\t\t\t<\/rs-slide>\n\t\t\t\t\t\t<rs-slide data-key=\"rs-498\" data-title=\"A STUDY ON HAPPINESS\" data-description=\"Science says that Women are generally happier\" data-thumb=\"\/\/tellus.geociencias.unam.mx\/wp-content\/uploads\/2022\/01\/PVG12_Lab.-Geocronologia-de-Ar-4-scaled-100x50.jpg\" data-anim=\"ei:d;eo:d;s:d;r:0;t:parallaxvertical;sl:d;\">\n\t\t\t\t\t\t\t<img loading=\"lazy\" decoding=\"async\" src=\"\/\/tellus.geociencias.unam.mx\/wp-content\/uploads\/2022\/01\/PVG12_Lab.-Geocronologia-de-Ar-4-scaled.jpg\" title=\"PVG12_Lab. Geocronolog\u00eda de Ar 4\" width=\"2560\" height=\"1920\" data-parallax=\"10\" class=\"rev-slidebg\" data-no-retina>\n<!---->\t\t\t\t\t\t<\/rs-slide>\n\t\t\t\t\t\t<rs-slide data-key=\"rs-500\" data-title=\"A STUDY ON HAPPINESS\" data-description=\"Science says that Women are generally happier\" data-thumb=\"\/\/tellus.geociencias.unam.mx\/wp-content\/uploads\/2022\/01\/PVG13_IMG_0575-100x50.jpg\" data-anim=\"ei:d;eo:d;s:980;r:0;t:parallaxvertical;sl:d;\">\n\t\t\t\t\t\t\t<img loading=\"lazy\" decoding=\"async\" src=\"\/\/tellus.geociencias.unam.mx\/wp-content\/uploads\/2022\/01\/PVG13_IMG_0575.jpg\" title=\"PVG13_IMG_0575\" width=\"1296\" height=\"968\" data-parallax=\"10\" class=\"rev-slidebg\" data-no-retina>\n<!---->\t\t\t\t\t\t<\/rs-slide>\n\t\t\t\t\t\t<rs-slide data-key=\"rs-501\" data-title=\"A STUDY ON HAPPINESS\" data-description=\"Science says that Women are generally happier\" data-thumb=\"\/\/tellus.geociencias.unam.mx\/wp-content\/uploads\/2022\/01\/PVG14_IMG_20170901_165444-scaled-100x50.jpg\" data-anim=\"ei:d;eo:d;s:d;r:0;t:parallaxvertical;sl:d;\">\n\t\t\t\t\t\t\t<img loading=\"lazy\" decoding=\"async\" src=\"\/\/tellus.geociencias.unam.mx\/wp-content\/uploads\/2022\/01\/PVG14_IMG_20170901_165444-scaled.jpg\" title=\"PVG14_IMG_20170901_165444\" width=\"2560\" height=\"1920\" data-parallax=\"10\" class=\"rev-slidebg\" data-no-retina>\n<!---->\t\t\t\t\t\t<\/rs-slide>\n\t\t\t\t\t\t<rs-slide data-key=\"rs-502\" data-title=\"A STUDY ON HAPPINESS\" data-description=\"Science says that Women are generally happier\" data-thumb=\"\/\/tellus.geociencias.unam.mx\/wp-content\/uploads\/2022\/01\/PVG15_Lab.-Geocronologia-de-Ar-3-scaled-100x50.jpg\" data-anim=\"ei:d;eo:d;s:d;r:0;t:parallaxvertical;sl:d;\">\n\t\t\t\t\t\t\t<img loading=\"lazy\" decoding=\"async\" src=\"\/\/tellus.geociencias.unam.mx\/wp-content\/uploads\/2022\/01\/PVG15_Lab.-Geocronologia-de-Ar-3-scaled.jpg\" title=\"PVG15_Lab. Geocronolog\u00eda de Ar 3\" width=\"2560\" height=\"1443\" data-parallax=\"10\" class=\"rev-slidebg\" data-no-retina>\n<!---->\t\t\t\t\t\t<\/rs-slide>\n\t\t\t\t\t\t<rs-slide data-key=\"rs-504\" data-title=\"A STUDY ON HAPPINESS\" data-description=\"Science says that Women are generally happier\" data-thumb=\"\/\/tellus.geociencias.unam.mx\/wp-content\/uploads\/2022\/01\/PVG11_IMG_7047-scaled-100x50.jpg\" data-anim=\"ei:d;eo:d;s:d;r:0;t:parallaxvertical;sl:d;\">\n\t\t\t\t\t\t\t<img loading=\"lazy\" decoding=\"async\" src=\"\/\/tellus.geociencias.unam.mx\/wp-content\/uploads\/2022\/01\/PVG11_IMG_7047-scaled.jpg\" title=\"PVG11_IMG_7047\" width=\"1920\" height=\"2560\" data-parallax=\"10\" class=\"rev-slidebg\" data-no-retina>\n<!---->\t\t\t\t\t\t<\/rs-slide>\n\t\t\t\t\t\t<rs-slide data-key=\"rs-505\" data-title=\"A STUDY ON HAPPINESS\" data-description=\"Science says that Women are generally happier\" data-thumb=\"\/\/tellus.geociencias.unam.mx\/wp-content\/uploads\/2022\/01\/PVG6_IMG_0456-scaled-100x50.jpg\" data-anim=\"ei:d;eo:d;s:d;r:0;t:parallaxvertical;sl:d;\">\n\t\t\t\t\t\t\t<img loading=\"lazy\" decoding=\"async\" src=\"\/\/tellus.geociencias.unam.mx\/wp-content\/uploads\/2022\/01\/PVG6_IMG_0456-scaled.jpg\" title=\"PVG6_IMG_0456\" width=\"2560\" height=\"1912\" data-parallax=\"10\" class=\"rev-slidebg\" data-no-retina>\n<!---->\t\t\t\t\t\t<\/rs-slide>\n\t\t\t\t\t\t<rs-slide data-key=\"rs-503\" data-title=\"A STUDY ON HAPPINESS\" data-description=\"Science says that Women are generally happier\" data-thumb=\"\/\/tellus.geociencias.unam.mx\/wp-content\/uploads\/2022\/01\/PVG16_IMG_7041-scaled-100x50.jpg\" data-anim=\"ei:d;eo:d;s:d;r:0;t:parallaxvertical;sl:d;\">\n\t\t\t\t\t\t\t<img loading=\"lazy\" decoding=\"async\" src=\"\/\/tellus.geociencias.unam.mx\/wp-content\/uploads\/2022\/01\/PVG16_IMG_7041-scaled.jpg\" title=\"PVG16_IMG_7041\" width=\"1920\" height=\"2560\" data-parallax=\"10\" class=\"rev-slidebg\" data-no-retina>\n<!---->\t\t\t\t\t\t<\/rs-slide>\n\t\t\t\t\t<\/rs-slides>\n\t\t\t\t\t<rs-static-layers><!--\n\t\t\t\t\t--><\/rs-static-layers>\n\t\t\t\t\t<rs-progress class=\"rs-bottom\" style=\"height: 2px; background: rgba(166,216,236,1);\"><\/rs-progress>\n\t\t\t\t<\/rs-module>\n\t\t\t\t<script type=\"text\/javascript\">\n\t\t\t\t\tsetREVStartSize({c: 'rev_slider_119_1',rl:[1240,1024,768,480],el:[600,450,400,350],gw:[800,800,778,480],gh:[600,450,400,350],layout:'fullwidth',thumbw:\"100\",mh:\"0\"});\n\t\t\t\t\tvar\trevapi119,\n\t\t\t\t\t\ttpj;\n\t\t\t\t\tjQuery(function() {\n\t\t\t\t\t\ttpj = jQuery;\n\t\t\t\t\t\tif(tpj(\"#rev_slider_119_1\").revolution == undefined){\n\t\t\t\t\t\t\trevslider_showDoubleJqueryError(\"#rev_slider_119_1\");\n\t\t\t\t\t\t}else{\n\t\t\t\t\t\t\trevapi119 = tpj(\"#rev_slider_119_1\").show().revolution({\n\t\t\t\t\t\t\t\tsliderType:\"carousel\",\n\t\t\t\t\t\t\t\tjsFileLocation:\"\/\/tellus.geociencias.unam.mx\/wp-content\/plugins\/revslider\/public\/assets\/js\/\",\n\t\t\t\t\t\t\t\tvisibilityLevels:\"1240,1024,768,480\",\n\t\t\t\t\t\t\t\tgridwidth:\"800,800,778,480\",\n\t\t\t\t\t\t\t\tgridheight:\"600,450,400,350\",\n\t\t\t\t\t\t\t\tminHeight:\"\",\n\t\t\t\t\t\t\t\teditorheight:\"600,450,400,350\",\n\t\t\t\t\t\t\t\tresponsiveLevels:\"1240,1024,768,480\",\n\t\t\t\t\t\t\t\tnavigation: {\n\t\t\t\t\t\t\t\t\tkeyboardNavigation:true,\n\t\t\t\t\t\t\t\t\tmouseScrollNavigation:false,\n\t\t\t\t\t\t\t\t\ttouch: {\n\t\t\t\t\t\t\t\t\t\ttouchenabled:true\n\t\t\t\t\t\t\t\t\t},\n\t\t\t\t\t\t\t\t\tthumbnails: {\n\t\t\t\t\t\t\t\t\t\tenable:true,\n\t\t\t\t\t\t\t\t\t\ttmp:\"<span class=\\\"tp-thumb-img-wrap\\\">  <span class=\\\"tp-thumb-image\\\"><\/span><\/span>\",\n\t\t\t\t\t\t\t\t\t\tstyle:\"gyges\",\n\t\t\t\t\t\t\t\t\t\th_align:\"left\",\n\t\t\t\t\t\t\t\t\t\tv_align:\"center\",\n\t\t\t\t\t\t\t\t\t\tv_offset:0,\n\t\t\t\t\t\t\t\t\t\tdirection:\"vertical\",\n\t\t\t\t\t\t\t\t\t\tspace:5,\n\t\t\t\t\t\t\t\t\t\twidth:70,\n\t\t\t\t\t\t\t\t\t\theight:70,\n\t\t\t\t\t\t\t\t\t\twrapper_padding:5,\n\t\t\t\t\t\t\t\t\t\twrapper_color:\"transparent\",\n\t\t\t\t\t\t\t\t\t\tposition:\"outer-vertical\"\n\t\t\t\t\t\t\t\t\t}\n\t\t\t\t\t\t\t\t},\n\t\t\t\t\t\t\t\tparallax: {\n\t\t\t\t\t\t\t\t\tlevels:[5,10,15,20,25,30,35,40,45,50,47,48,49,50,51,30],\n\t\t\t\t\t\t\t\t\ttype:\"scroll\"\n\t\t\t\t\t\t\t\t},\n\t\t\t\t\t\t\t\tviewPort: {\n\t\t\t\t\t\t\t\t\tenable:true,\n\t\t\t\t\t\t\t\t\toutof:\"pause\",\n\t\t\t\t\t\t\t\t\tvisible_area:\"20%\"\n\t\t\t\t\t\t\t\t},\n\t\t\t\t\t\t\t\tfallbacks: {\n\t\t\t\t\t\t\t\t\tignoreHeightChanges:\"\",\n\t\t\t\t\t\t\t\t\tallowHTML5AutoPlayOnAndroid:true\n\t\t\t\t\t\t\t\t},\n\t\t\t\t\t\t\t});\n\t\t\t\t\t\t}\n\t\t\t\t\t\t\n\t\t\t\t\t});\n\t\t\t\t<\/script>\n\t\t\t\t<script>\n\t\t\t\t\tvar htmlDivCss = unescape(\"%23rev_slider_119_1_wrapper%20.gyges%20.tp-thumb%20%7B%20%0A%20%20%20%20%20%20opacity%3A1%0A%20%20%7D%0A%23rev_slider_119_1_wrapper%20.gyges%20.tp-thumb-img-wrap%20%7B%0A%20%20padding%3A3px%3B%0A%20%20background-color%3Argba%280%2C0%2C0%2C0.25%29%3B%0A%20%20display%3Ainline-block%3B%0A%0A%20%20width%3A100%25%3B%0A%20%20height%3A100%25%3B%0A%20%20position%3Arelative%3B%0A%20%20margin%3A0px%3B%0A%20%20box-sizing%3Aborder-box%3B%0A%20%20%20%20transition%3Aall%200.3s%3B%0A%20%20%20%20-webkit-transition%3Aall%200.3s%3B%0A%7D%0A%23rev_slider_119_1_wrapper%20.gyges%20.tp-thumb-image%20%7B%0A%20%20%20padding%3A3px%3B%20%0A%20%20%20display%3Ablock%3B%0A%20%20%20box-sizing%3Aborder-box%3B%0A%20%20%20position%3Arelative%3B%0A%20%20%20%20-webkit-box-shadow%3A%20inset%205px%205px%2010px%200px%20rgba%280%2C0%2C0%2C0.25%29%3B%0A%20%20-moz-box-shadow%3A%20inset%205px%205px%2010px%200px%20rgba%280%2C0%2C0%2C0.25%29%3B%0A%20%20box-shadow%3A%20inset%205px%205px%2010px%200px%20rgba%280%2C0%2C0%2C0.25%29%3B%0A%20%7D%20%20%0A%0A%23rev_slider_119_1_wrapper%20.gyges%20.tp-thumb%3Ahover%20.tp-thumb-img-wrap%2C%0A%20%23rev_slider_119_1_wrapper%20.gyges%20.tp-thumb.selected%20.tp-thumb-img-wrap%20%7B%0A%20%20%20%20background%3A%20-moz-linear-gradient%28top%2C%20%20%23ffffff%200%25%2C%20%23777777%20100%25%29%3B%0Abackground%3A%20-webkit-gradient%28left%20top%2C%20left%20bottom%2C%20color-stop%280%25%2C%20%23ffffff%2C%20color-stop%28100%25%2C%20%23777777%29%29%29%3B%0Abackground%3A%20-webkit-linear-gradient%28top%2C%20%23ffffff%200%25%2C%20%23777777%20100%25%29%3B%0Abackground%3A%20-o-linear-gradient%28top%2C%20%23ffffff%200%25%2C%20%23777777%20100%25%29%3B%0Abackground%3A%20-ms-linear-gradient%28top%2C%20%23ffffff%200%25%2C%20%23777777%20100%25%29%3B%0Abackground%3A%20linear-gradient%28to%20bottom%2C%20%23ffffff%200%25%2C%20%23777777%20100%25%29%3B%0A%0A%7D%0A%0A%0A\");\n\t\t\t\t\tvar htmlDiv = document.getElementById('rs-plugin-settings-inline-css');\n\t\t\t\t\tif(htmlDiv) {\n\t\t\t\t\t\thtmlDiv.innerHTML = htmlDiv.innerHTML + htmlDivCss;\n\t\t\t\t\t}else{\n\t\t\t\t\t\tvar htmlDiv = document.createElement('div');\n\t\t\t\t\t\thtmlDiv.innerHTML = '<style>' + htmlDivCss + '<\/style>';\n\t\t\t\t\t\tdocument.getElementsByTagName('head')[0].appendChild(htmlDiv.childNodes[0]);\n\t\t\t\t\t}\n\t\t\t\t<\/script>\n\t\t\t<\/rs-module-wrap>\n\t\t\t<!-- END REVOLUTION SLIDER -->\n[\/vc_column_inner][vc_column_inner width=&#8221;1\/6&#8243;][\/vc_column_inner][\/vc_row_inner][\/vc_column][\/vc_row][vc_row css_animation=&#8221;&#8221; row_type=&#8221;row&#8221; use_row_as_full_screen_section=&#8221;no&#8221; type=&#8221;full_width&#8221; angled_section=&#8221;no&#8221; text_align=&#8221;left&#8221; background_image_as_pattern=&#8221;without_pattern&#8221;][vc_column][vc_column_text]<\/p>\n<p>[\/vc_column_text][\/vc_column][\/vc_row][vc_row row_type=&#8221;parallax&#8221; parallax_content_width=&#8221;in_grid&#8221; text_align=&#8221;left&#8221; full_screen_section_height=&#8221;no&#8221;][vc_column][vc_empty_space][vc_column_text]<\/p>\n<h2 style=\"text-align: center;\">Informaci\u00f3n<\/h2>\n<p>[\/vc_column_text][vc_empty_space height=&#8221;16px&#8221;][\/vc_column][\/vc_row][vc_row row_type=&#8221;parallax&#8221; parallax_content_width=&#8221;in_grid&#8221; text_align=&#8221;left&#8221; full_screen_section_height=&#8221;no&#8221;][vc_column width=&#8221;1\/4&#8243;][vc_accordion active_tab=&#8221;false&#8221; collapsible=&#8221;yes&#8221; style=&#8221;accordion&#8221;][vc_accordion_tab title=&#8221;\u00c1reas a visitar&#8221;][vc_column_text]<\/p>\n<ul>\n<li id=\"E143\" class=\"qowt-li-1_0 qowt-list x-scope qowt-word-para-2\"><span id=\"E144\" class=\"qowt-font2-Comfortaa\">Laboratorio de Geoqu\u00edmica Ambiental <\/span><\/li>\n<li id=\"E145\" class=\"qowt-li-1_0 qowt-list x-scope qowt-word-para-2\"><span id=\"E146\" class=\"qowt-font2-Comfortaa\">Laboratorio de Paleomagnetismo y magnetismo de rocas <\/span><\/li>\n<li id=\"E147\" class=\"qowt-li-1_0 qowt-list x-scope qowt-word-para-2\"><span id=\"E148\" class=\"qowt-font2-Comfortaa\">Laboratorio de Exploraci\u00f3n Geof\u00edsica<\/span><\/li>\n<li id=\"E149\" class=\"qowt-li-1_0 qowt-list x-scope qowt-word-para-2\"><span id=\"E150\" class=\"qowt-font2-Comfortaa\">Laboratorio Universitario de Microtomograf\u00eda de Rayos X<\/span><\/li>\n<li id=\"E151\" class=\"qowt-li-1_0 qowt-list x-scope qowt-word-para-2\"><span id=\"E152\" class=\"qowt-font2-Comfortaa\">Laboratorio de Estudios Isot\u00f3picos <\/span><\/li>\n<li id=\"E153\" class=\"qowt-li-1_0 qowt-list x-scope qowt-word-para-2\"><span id=\"E154\" class=\"qowt-font2-Comfortaa\">Laboratorio de Geocronolog\u00eda de Arg\u00f3n<\/span><\/li>\n<li id=\"E155\" class=\"qowt-li-1_0 qowt-list x-scope qowt-word-para-2\"><span id=\"E156\" class=\"qowt-font2-Comfortaa\">Taller de laminaci\u00f3n<\/span><\/li>\n<li>Laboratorio de Caracterizaci\u00f3n de Minerales<\/li>\n<li>Entre otros&#8230;.<\/li>\n<\/ul>\n<p>&nbsp;<\/p>\n<p id=\"E159\" class=\"x-scope qowt-word-para-1\"><em><span id=\"E160\" class=\"qowt-font2-Comfortaa\">La visita a las instalaciones se concluye con una charla de divulgaci\u00f3n que imparte alg\u00fan acad\u00e9mico del Instituto donde podr\u00e1n aprender acerca de un tema de geociencia actual y resolver sus dudas.<\/span><\/em><\/p>\n<p>[\/vc_column_text][\/vc_accordion_tab][\/vc_accordion][vc_empty_space][\/vc_column][vc_column width=&#8221;1\/4&#8243;][vc_accordion active_tab=&#8221;false&#8221; collapsible=&#8221;yes&#8221; style=&#8221;accordion&#8221;][vc_accordion_tab title=&#8221;Requisitos para agendar visita&#8221;][vc_column_text]<\/p>\n<p id=\"E165\" class=\"x-scope qowt-word-para-1\"><span id=\"E166\" class=\"qowt-font2-Comfortaa\">Para agendar una visita enviar un correo electr\u00f3nico a divulgacion@geociencias.unam.mx <\/span><span id=\"E169\" class=\"qowt-font2-Comfortaa\"> o mensaje a cualquiera de nuestras redes sociales (facebook, twitter, instagram) con la siguiente informaci\u00f3n:<\/span><\/p>\n<p>&nbsp;<\/p>\n<p id=\"E172\" class=\"x-scope qowt-word-para-1\"><span id=\"E173\" class=\"qowt-font2-Comfortaa\"><strong>Asunto:<\/strong> visitas guiadas <\/span><\/p>\n<p id=\"E176\" class=\"x-scope qowt-word-para-1\"><strong><span id=\"E177\" class=\"qowt-font2-Comfortaa\">Datos requeridos:<\/span><\/strong><\/p>\n<ul>\n<li id=\"E178\" class=\"qowt-li-2_0 qowt-list x-scope qowt-word-para-2\"><span id=\"E179\" class=\"qowt-font2-Comfortaa\">Escuela de origen<\/span><\/li>\n<li id=\"E180\" class=\"qowt-li-2_0 qowt-list x-scope qowt-word-para-2\"><span id=\"E181\" class=\"qowt-font2-Comfortaa\">Mes en el que se requiere la visita<\/span><\/li>\n<li id=\"E182\" class=\"qowt-li-2_0 qowt-list x-scope qowt-word-para-2\"><span id=\"E183\" class=\"qowt-font2-Comfortaa\">N\u00famero de estudiantes (este n\u00famero se ajustar\u00e1 de acuerdo al escenario de contingencia) <\/span><\/li>\n<\/ul>\n<p>[\/vc_column_text][\/vc_accordion_tab][\/vc_accordion][vc_empty_space height=&#8221;16px&#8221;][\/vc_column][vc_column width=&#8221;1\/4&#8243;][vc_accordion active_tab=&#8221;true&#8221; collapsible=&#8221;yes&#8221; style=&#8221;accordion&#8221;][vc_accordion_tab title=&#8221;Contacto&#8221;][vc_column_text]<strong>Correo electr\u00f3nico:<\/strong> divulgacion@geociencias.unam.mx<\/p>\n<p><strong>facebook:<\/strong><\/p>\n<p><a href=\"https:\/\/www.facebook.com\/GeocienciasUNAM\">https:\/\/www.facebook.com\/GeocienciasUNAM<\/a><\/p>\n<p><strong>X:<\/strong><\/p>\n<p><a href=\"https:\/\/x.com\/GeocienciasUNAM\">https:\/\/x.com\/GeocienciasUNAM<\/a><\/p>\n<p><strong>Youtube: <\/strong><\/p>\n<p><a href=\"https:\/\/www.youtube.com\/channel\/UCzdRiUpKadXOvqCrwRHl0Eg\/videos?view=0&amp;sort=dd&amp;shelf_id=1\"><span class=\"yt-core-attributed-string yt-content-metadata-view-model__metadata-text yt-core-attributed-string--white-space-pre-wrap yt-core-attributed-string--link-inherit-color\" dir=\"auto\" role=\"text\"><span class=\"yt-core-attributed-string--link-inherit-color\" dir=\"auto\">@IGC_UNAM<\/span><\/span><\/a>[\/vc_column_text][\/vc_accordion_tab][\/vc_accordion][vc_empty_space height=&#8221;16px&#8221;][\/vc_column][vc_column width=&#8221;1\/4&#8243;][vc_accordion active_tab=&#8221;true&#8221; collapsible=&#8221;yes&#8221; style=&#8221;accordion&#8221;][vc_accordion_tab title=&#8221;Ubicaci\u00f3n&#8221;][vc_column_text]<a href=\"https:\/\/goo.gl\/maps\/1JUM6es8QHBRCpMn8\" target=\"_blank\" rel=\"noopener noreferrer\">Donde nos encontramos<\/a>[\/vc_column_text][\/vc_accordion_tab][\/vc_accordion][\/vc_column][\/vc_row][vc_row css_animation=&#8221;&#8221; row_type=&#8221;row&#8221; use_row_as_full_screen_section=&#8221;no&#8221; type=&#8221;full_width&#8221; angled_section=&#8221;no&#8221; text_align=&#8221;left&#8221; background_image_as_pattern=&#8221;without_pattern&#8221; background_color=&#8221;#eeeeee&#8221; z_index=&#8221;&#8221;][vc_column][vc_zigzag el_width=&#8221;70&#8243;][vc_empty_space css=&#8221;.vc_custom_1562198030054{background-color: #eeeeee !important;}&#8221;][\/vc_column][\/vc_row][vc_row css_animation=&#8221;&#8221; row_type=&#8221;row&#8221; use_row_as_full_screen_section=&#8221;no&#8221; type=&#8221;full_width&#8221; angled_section=&#8221;no&#8221; text_align=&#8221;left&#8221; background_image_as_pattern=&#8221;without_pattern&#8221; background_color=&#8221;#eeeeee&#8221; z_index=&#8221;&#8221;][vc_column][vc_empty_space][\/vc_column][\/vc_row][vc_row css_animation=&#8221;&#8221; row_type=&#8221;row&#8221; use_row_as_full_screen_section=&#8221;no&#8221; type=&#8221;full_width&#8221; angled_section=&#8221;no&#8221; text_align=&#8221;left&#8221; background_image_as_pattern=&#8221;without_pattern&#8221;][vc_column][vc_empty_space][\/vc_column][\/vc_row]<\/p>\n","protected":false},"excerpt":{"rendered":"<p>[vc_row css_animation=&#8221;&#8221; row_type=&#8221;row&#8221; use_row_as_full_screen_section=&#8221;no&#8221; type=&#8221;full_width&#8221; angled_section=&#8221;no&#8221; text_align=&#8221;left&#8221; background_image_as_pattern=&#8221;without_pattern&#8221; z_index=&#8221;&#8221; css=&#8221;.vc_custom_1580701991642{margin-top: -70px !important;border-top-width: -70px !important;padding-top: -70px !important;}&#8221;][vc_column][vc_empty_space height=&#8221;48px&#8221;][vc_empty_space height=&#8221;48px&#8221;][vc_empty_space height=&#8221;48px&#8221;][vc_column_text] \u00a0PROGRAMA DE VISITAS GUIADAS [\/vc_column_text][vc_column_text css=&#8221;.vc_custom_1711996375841{margin-right: 5px !important;margin-left: 5px !important;}&#8221;] Es un programa mensual en el que estudiantes de educaci\u00f3n media superior y superior pueden visitar&#8230;<\/p>\n","protected":false},"author":2,"featured_media":0,"parent":0,"menu_order":0,"comment_status":"closed","ping_status":"closed","template":"full_width.php","meta":{"footnotes":""},"class_list":["post-7223","page","type-page","status-publish","hentry"],"_links":{"self":[{"href":"https:\/\/tellus.geociencias.unam.mx\/index.php\/wp-json\/wp\/v2\/pages\/7223","targetHints":{"allow":["GET"]}}],"collection":[{"href":"https:\/\/tellus.geociencias.unam.mx\/index.php\/wp-json\/wp\/v2\/pages"}],"about":[{"href":"https:\/\/tellus.geociencias.unam.mx\/index.php\/wp-json\/wp\/v2\/types\/page"}],"author":[{"embeddable":true,"href":"https:\/\/tellus.geociencias.unam.mx\/index.php\/wp-json\/wp\/v2\/users\/2"}],"replies":[{"embeddable":true,"href":"https:\/\/tellus.geociencias.unam.mx\/index.php\/wp-json\/wp\/v2\/comments?post=7223"}],"version-history":[{"count":19,"href":"https:\/\/tellus.geociencias.unam.mx\/index.php\/wp-json\/wp\/v2\/pages\/7223\/revisions"}],"predecessor-version":[{"id":12882,"href":"https:\/\/tellus.geociencias.unam.mx\/index.php\/wp-json\/wp\/v2\/pages\/7223\/revisions\/12882"}],"wp:attachment":[{"href":"https:\/\/tellus.geociencias.unam.mx\/index.php\/wp-json\/wp\/v2\/media?parent=7223"}],"curies":[{"name":"wp","href":"https:\/\/api.w.org\/{rel}","templated":true}]}}