{"id":1664,"date":"2019-01-03T02:15:53","date_gmt":"2019-01-03T02:15:53","guid":{"rendered":"http:\/\/132.248.142.103\/?page_id=1664"},"modified":"2025-02-18T23:07:37","modified_gmt":"2025-02-18T23:07:37","slug":"talleres","status":"publish","type":"page","link":"https:\/\/tellus.geociencias.unam.mx\/index.php\/talleres\/","title":{"rendered":"Talleres"},"content":{"rendered":"<p>[vc_row css_animation=&#8221;&#8221; row_type=&#8221;row&#8221; use_row_as_full_screen_section=&#8221;no&#8221; type=&#8221;full_width&#8221; angled_section=&#8221;no&#8221; text_align=&#8221;left&#8221; background_image_as_pattern=&#8221;without_pattern&#8221; z_index=&#8221;&#8221; css=&#8221;.vc_custom_1553193710474{margin-bottom: 0px !important;border-bottom-width: 0px !important;padding-top: 64px !important;padding-bottom: 0px !important;}&#8221;][vc_column][vc_column_text]<\/p>\n<h1 style=\"text-align: center;\">Talleres de Servicio<\/h1>\n<p>[\/vc_column_text][vc_column_text]<\/p>\n<h6 style=\"text-align: center;\"><a href=\"https:\/\/tellus.geociencias.unam.mx\/index.php\/area-de-conocimiento\/\">Investigaci\u00f3n<\/a> &gt; <a href=\"http:\/\/tellus.geociencias.unam.mx\/index.php\/lab_taller\/\">Laboratorios y Talleres<\/a> &gt; Talleres de Servicio<\/h6>\n<p>[\/vc_column_text][vc_empty_space][vc_row_inner row_type=&#8221;row&#8221; type=&#8221;full_width&#8221; text_align=&#8221;left&#8221; css_animation=&#8221;&#8221;][vc_column_inner width=&#8221;1\/6&#8243;][\/vc_column_inner][vc_column_inner width=&#8221;2\/3&#8243;][vc_column_text]<\/p>\n<h3 style=\"text-align: center;\">El Centro de Geociencias cuenta con diversos <strong>Talleres de Servicio<\/strong> en donde se preparan muestras de roca y otros materiales para an\u00e1lisis petrogr\u00e1ficos, mineragr\u00e1ficos, fechamientos isot\u00f3picos, an\u00e1lisis geoqu\u00edmicos, inclusiones flu\u00eddas y microscop\u00eda electr\u00f3nica.<\/h3>\n<p>[\/vc_column_text][\/vc_column_inner][vc_column_inner width=&#8221;1\/6&#8243;][\/vc_column_inner][\/vc_row_inner][\/vc_column][\/vc_row][vc_row css_animation=&#8221;&#8221; row_type=&#8221;row&#8221; use_row_as_full_screen_section=&#8221;no&#8221; type=&#8221;grid&#8221; angled_section=&#8221;no&#8221; text_align=&#8221;left&#8221; background_image_as_pattern=&#8221;without_pattern&#8221; z_index=&#8221;&#8221; css=&#8221;.vc_custom_1521823222346{padding-top: 50px !important;padding-bottom: 50px !important;}&#8221;][vc_column offset=&#8221;vc_col-md-6&#8243;]<div class='image_hover ' style='' data-transition-delay=''><div class='images_holder'><img itemprop='image' class='active_image ' src='https:\/\/tellus.geociencias.unam.mx\/wp-content\/uploads\/2019\/03\/taller_laminacion1.jpg' alt='' style='' \/><img itemprop='image' class='hover_image' src='https:\/\/tellus.geociencias.unam.mx\/wp-content\/uploads\/2019\/03\/molienda2.jpg' alt='' style='' \/><\/div><\/div>[vc_empty_space height=&#8221;40px&#8221;][\/vc_column][vc_column offset=&#8221;vc_col-md-6&#8243;][vc_tabs style=&#8221;boxed&#8221;][vc_tab title=&#8221;Laminaci\u00f3n&#8221; tab_id=&#8221;43cd9750-fe8c-2&#8243;][vc_column_text]<\/p>\n<h3><strong><span style=\"color: #173ea8;\">Taller de Laminaci\u00f3n<\/span><\/strong><\/h3>\n<p>&nbsp;<\/p>\n<h3 style=\"text-align: justify;\">En el Taller de Laminaci\u00f3n se preparan muestras para estudios microsc\u00f3picos principalmente para petrograf\u00eda, mineragraf\u00eda, catodoluminiscencia, microtermometr\u00eda de inclusiones fluidas y an\u00e1lisis con microsonda electr\u00f3nica.<\/h3>\n<p>&nbsp;<\/p>\n<h3>Consulte aqu\u00ed la <a href=\"https:\/\/tellus.geociencias.unam.mx\/wp-content\/uploads\/2019\/03\/precios_laminacion19.pdf\" target=\"_blank\" rel=\"noopener noreferrer\"><span style=\"color: #173ea8;\"><strong>lista de servicios y precios vigentes<\/strong><\/span><\/a>.<\/h3>\n<p>&nbsp;<\/p>\n<h3><\/h3>\n<p>&nbsp;<\/p>\n<h5><\/h5>\n<h5><strong>Responsable del Taller<\/strong><\/h5>\n<h5>Juan Tom\u00e1s V\u00e1zquez Ram\u00edrez<\/h5>\n<p>&nbsp;<\/p>\n<h5><strong>Apoyo:<\/strong> Oscar Aguilar Moreno<br \/>\nTel\u00e9fono: 4422381000<\/h5>\n<p>[\/vc_column_text][\/vc_tab][vc_tab title=&#8221;Molienda y Separaci\u00f3n&#8221; tab_id=&#8221;0a5483c4-c0ec-4&#8243;][vc_column_text]<\/p>\n<h3><strong><span style=\"color: #173ea8;\">Taller de Molienda y Separaci\u00f3n<br \/>\n<\/span><\/strong><\/h3>\n<p>&nbsp;<\/p>\n<h3 style=\"text-align: justify;\">La molienda se realiza en un taller equipado con quebradora de quijadas, molino oscilatorio, horno de secado de gran volumen y equipo para cuartear y cribar muestras. Adem\u00e1s se cuenta con un hornillo Fluxi Claisse y una prensa Graseby Specac para la preparaci\u00f3n de pastillas fundidas y prensadas, las cuales se requieren para el an\u00e1lisis por Fluorescencia de Rayos X.<\/h3>\n<p>&nbsp;<\/p>\n<h3>Consulte aqu\u00ed la <a href=\"https:\/\/tellus.geociencias.unam.mx\/wp-content\/uploads\/2021\/03\/precios_separacion_2021.pdf\" target=\"_blank\" rel=\"noopener noreferrer\"><span style=\"color: #173ea8;\"><strong>lista de servicios y precios vigentes<\/strong><\/span><\/a>.<\/h3>\n<p>&nbsp;<\/p>\n<h3><\/h3>\n<p>&nbsp;<\/p>\n<h5><\/h5>\n<h5><strong>Responsable del Taller <\/strong><\/h5>\n<h5>Dr. Luigi Solari<\/h5>\n<p>&nbsp;<\/p>\n<h5><strong>Apoyo:<\/strong> Manuel Albarr\u00e1n Murillo<br \/>\nTel\u00e9fono: 4422381000<\/h5>\n<p>[\/vc_column_text][\/vc_tab][vc_tab title=&#8221;Electr\u00f3nica&#8221; tab_id=&#8221;1549426610748-3-8&#8243;][vc_column_text]<\/p>\n<h3><strong><span style=\"color: #173ea8;\">Taller de Electr\u00f3nica y Mec\u00e1nica<\/span><\/strong><\/h3>\n<p>&nbsp;<\/p>\n<h3 style=\"text-align: justify;\">El Taller de Electr\u00f3nica da servicio a la comunidad acad\u00e9mica del Centro en aspectos relacionados con la operaci\u00f3n y mantenimientos correctivos y preventivos a equipos especializados; calibraciones y revisiones de funcionamiento; desarrollo mediante software para el dise\u00f1o electr\u00f3nico; colaboraci\u00f3n en publicaciones de art\u00edculos y carteles para congresos en aspectos tecnol\u00f3gicos, etc.<\/h3>\n<p>&nbsp;<\/p>\n<p>&nbsp;<\/p>\n<h3><\/h3>\n<h5><strong>Responsable del Taller<\/strong><\/h5>\n<h5>Ing. Jorge Escalante Gonz\u00e1lez<\/h5>\n<h5>Tel\u00e9fono: 4422381000 Ext. 34530<\/h5>\n<p>[\/vc_column_text][\/vc_tab][\/vc_tabs][\/vc_column][\/vc_row][vc_column width=&#8221;1\/4&#8243;][\/vc_column][vc_column width=&#8221;3\/4&#8243;][\/vc_column][vc_row css_animation=&#8221;&#8221; row_type=&#8221;row&#8221; use_row_as_full_screen_section=&#8221;no&#8221; type=&#8221;full_width&#8221; angled_section=&#8221;no&#8221; text_align=&#8221;left&#8221; background_image_as_pattern=&#8221;without_pattern&#8221;][vc_column][\/vc_column][\/vc_row]<\/p>\n","protected":false},"excerpt":{"rendered":"<p>[vc_row css_animation=&#8221;&#8221; row_type=&#8221;row&#8221; use_row_as_full_screen_section=&#8221;no&#8221; type=&#8221;full_width&#8221; angled_section=&#8221;no&#8221; text_align=&#8221;left&#8221; background_image_as_pattern=&#8221;without_pattern&#8221; z_index=&#8221;&#8221; css=&#8221;.vc_custom_1553193710474{margin-bottom: 0px !important;border-bottom-width: 0px !important;padding-top: 64px !important;padding-bottom: 0px !important;}&#8221;][vc_column][vc_column_text] Talleres de Servicio [\/vc_column_text][vc_column_text] Investigaci\u00f3n &gt; Laboratorios y Talleres &gt; Talleres de Servicio [\/vc_column_text][vc_empty_space][vc_row_inner row_type=&#8221;row&#8221; type=&#8221;full_width&#8221; text_align=&#8221;left&#8221; css_animation=&#8221;&#8221;][vc_column_inner width=&#8221;1\/6&#8243;][\/vc_column_inner][vc_column_inner width=&#8221;2\/3&#8243;][vc_column_text] El Centro de Geociencias cuenta con diversos&#8230;<\/p>\n","protected":false},"author":2,"featured_media":0,"parent":0,"menu_order":0,"comment_status":"closed","ping_status":"closed","template":"full_width.php","meta":{"footnotes":""},"class_list":["post-1664","page","type-page","status-publish","hentry"],"_links":{"self":[{"href":"https:\/\/tellus.geociencias.unam.mx\/index.php\/wp-json\/wp\/v2\/pages\/1664","targetHints":{"allow":["GET"]}}],"collection":[{"href":"https:\/\/tellus.geociencias.unam.mx\/index.php\/wp-json\/wp\/v2\/pages"}],"about":[{"href":"https:\/\/tellus.geociencias.unam.mx\/index.php\/wp-json\/wp\/v2\/types\/page"}],"author":[{"embeddable":true,"href":"https:\/\/tellus.geociencias.unam.mx\/index.php\/wp-json\/wp\/v2\/users\/2"}],"replies":[{"embeddable":true,"href":"https:\/\/tellus.geociencias.unam.mx\/index.php\/wp-json\/wp\/v2\/comments?post=1664"}],"version-history":[{"count":56,"href":"https:\/\/tellus.geociencias.unam.mx\/index.php\/wp-json\/wp\/v2\/pages\/1664\/revisions"}],"predecessor-version":[{"id":6468,"href":"https:\/\/tellus.geociencias.unam.mx\/index.php\/wp-json\/wp\/v2\/pages\/1664\/revisions\/6468"}],"wp:attachment":[{"href":"https:\/\/tellus.geociencias.unam.mx\/index.php\/wp-json\/wp\/v2\/media?parent=1664"}],"curies":[{"name":"wp","href":"https:\/\/api.w.org\/{rel}","templated":true}]}}